{"id":86,"date":"2024-03-21T16:50:04","date_gmt":"2024-03-21T15:50:04","guid":{"rendered":"https:\/\/www.dccsolution.it\/?page_id=86"},"modified":"2024-03-21T16:50:04","modified_gmt":"2024-03-21T15:50:04","slug":"wm-vs-ewm","status":"publish","type":"page","link":"https:\/\/www.dccsolution.it\/?page_id=86","title":{"rendered":"WM vs EWM"},"content":{"rendered":"\n<h2 class=\"wp-block-heading has-text-align-center has-text-color has-link-color wp-elements-40579a346db0883e0d11f1208169ad46\" style=\"color:#63a6cd\">WM vs EWM Caratteristiche a confronto <\/h2>\n\n\n\n<div class=\"wp-block-columns is-layout-flex wp-container-core-columns-is-layout-28f84493 wp-block-columns-is-layout-flex\">\n<div class=\"wp-block-column is-layout-flow wp-block-column-is-layout-flow\">\n<html>\n\n<head>\n<meta http-equiv=Content-Type content=\"text\/html; charset=windows-1252\">\n<meta name=Generator content=\"Microsoft Word 15 (filtered)\">\n<style>\n<!--\n \/* Font Definitions *\/\n @font-face\n\t{font-family:Wingdings;\n\tpanose-1:5 0 0 0 0 0 0 0 0 0;}\n@font-face\n\t{font-family:\"Cambria Math\";\n\tpanose-1:2 4 5 3 5 4 6 3 2 4;}\n@font-face\n\t{font-family:\"Calibri Light\";\n\tpanose-1:2 15 3 2 2 2 4 3 2 4;}\n@font-face\n\t{font-family:Calibri;\n\tpanose-1:2 15 5 2 2 2 4 3 2 4;}\n \/* Style Definitions *\/\n p.MsoNormal, li.MsoNormal, div.MsoNormal\n\t{margin-top:0cm;\n\tmargin-right:0cm;\n\tmargin-bottom:8.0pt;\n\tmargin-left:0cm;\n\tline-height:107%;\n\tfont-size:11.0pt;\n\tfont-family:\"Calibri\",sans-serif;}\nh1\n\t{mso-style-link:\"Titolo 1 Carattere\";\n\tmargin-top:12.0pt;\n\tmargin-right:0cm;\n\tmargin-bottom:0cm;\n\tmargin-left:0cm;\n\tmargin-bottom:.0001pt;\n\tline-height:107%;\n\tpage-break-after:avoid;\n\tfont-size:16.0pt;\n\tfont-family:\"Calibri Light\",sans-serif;\n\tcolor:#2E74B5;\n\tfont-weight:normal;}\np.MsoListParagraph, li.MsoListParagraph, div.MsoListParagraph\n\t{margin-top:0cm;\n\tmargin-right:0cm;\n\tmargin-bottom:8.0pt;\n\tmargin-left:36.0pt;\n\tline-height:107%;\n\tfont-size:11.0pt;\n\tfont-family:\"Calibri\",sans-serif;}\np.MsoListParagraphCxSpFirst, li.MsoListParagraphCxSpFirst, div.MsoListParagraphCxSpFirst\n\t{margin-top:0cm;\n\tmargin-right:0cm;\n\tmargin-bottom:0cm;\n\tmargin-left:36.0pt;\n\tmargin-bottom:.0001pt;\n\tline-height:107%;\n\tfont-size:11.0pt;\n\tfont-family:\"Calibri\",sans-serif;}\np.MsoListParagraphCxSpMiddle, li.MsoListParagraphCxSpMiddle, div.MsoListParagraphCxSpMiddle\n\t{margin-top:0cm;\n\tmargin-right:0cm;\n\tmargin-bottom:0cm;\n\tmargin-left:36.0pt;\n\tmargin-bottom:.0001pt;\n\tline-height:107%;\n\tfont-size:11.0pt;\n\tfont-family:\"Calibri\",sans-serif;}\np.MsoListParagraphCxSpLast, li.MsoListParagraphCxSpLast, div.MsoListParagraphCxSpLast\n\t{margin-top:0cm;\n\tmargin-right:0cm;\n\tmargin-bottom:8.0pt;\n\tmargin-left:36.0pt;\n\tline-height:107%;\n\tfont-size:11.0pt;\n\tfont-family:\"Calibri\",sans-serif;}\nspan.Titolo1Carattere\n\t{mso-style-name:\"Titolo 1 Carattere\";\n\tmso-style-link:\"Titolo 1\";\n\tfont-family:\"Calibri Light\",sans-serif;\n\tcolor:#2E74B5;}\n.MsoChpDefault\n\t{font-family:\"Calibri\",sans-serif;}\n.MsoPapDefault\n\t{margin-bottom:8.0pt;\n\tline-height:107%;}\n@page WordSection1\n\t{size:595.3pt 841.9pt;\n\tmargin:70.85pt 2.0cm 2.0cm 2.0cm;}\ndiv.WordSection1\n\t{page:WordSection1;}\n \/* List Definitions *\/\n ol\n\t{margin-bottom:0cm;}\nul\n\t{margin-bottom:0cm;}\n-->\n<\/style>\n\n<\/head>\n\n<body lang=IT>\n\n<div class=WordSection1>\n\n<h1 align=center style='text-align:center'>**SAP Warehouse Management (SAP\nWM)**<\/h1>\n\n<p class=MsoNormal>&nbsp;<\/p>\n\n<p class=MsoListParagraphCxSpFirst style='margin-left:43.5pt;text-indent:-18.0pt;\nline-height:150%'><span style='font-family:Symbol'>\u00b7<span style='font:7.0pt \"Times New Roman\"'>&nbsp;&nbsp;&nbsp;&nbsp;&nbsp;&nbsp;&nbsp;&nbsp;\n<\/span><\/span>SAP WM \u00e8 un modulo tradizionale di gestione del magazzino di SAP\ne fa parte del modulo SAP Logistics Execution (LE).<\/p>\n\n<p class=MsoListParagraphCxSpMiddle style='margin-left:43.5pt;text-indent:-18.0pt;\nline-height:150%'><span style='font-family:Symbol'>\u00b7<span style='font:7.0pt \"Times New Roman\"'>&nbsp;&nbsp;&nbsp;&nbsp;&nbsp;&nbsp;&nbsp;&nbsp;\n<\/span><\/span>\u00c8 stato progettato principalmente per gestire operazioni di\nmagazzino semplici, come ricevimento, immagazzinamento, prelievo e spedizione.<\/p>\n\n<p class=MsoListParagraphCxSpMiddle style='margin-left:43.5pt;text-indent:-18.0pt;\nline-height:150%'><span style='font-family:Symbol'>\u00b7<span style='font:7.0pt \"Times New Roman\"'>&nbsp;&nbsp;&nbsp;&nbsp;&nbsp;&nbsp;&nbsp;&nbsp;\n<\/span><\/span>Le funzionalit\u00e0 di SAP WM includono gestione di inventario,\ngestione dei lotti, gestione delle ubicazioni, picking, packing e movimenti di\nmagazzino.<\/p>\n\n<p class=MsoListParagraphCxSpMiddle style='margin-left:43.5pt;text-indent:-18.0pt;\nline-height:150%'><span style='font-family:Symbol'>\u00b7<span style='font:7.0pt \"Times New Roman\"'>&nbsp;&nbsp;&nbsp;&nbsp;&nbsp;&nbsp;&nbsp;&nbsp;\n<\/span><\/span>\u00c8 integrato con altri moduli SAP come Material Management (MM) e\nSales and Distribution (SD).<\/p>\n\n<p class=MsoListParagraphCxSpLast style='margin-left:43.5pt;text-indent:-18.0pt;\nline-height:150%'><span style='font-family:Symbol'>\u00b7<span style='font:7.0pt \"Times New Roman\"'>&nbsp;&nbsp;&nbsp;&nbsp;&nbsp;&nbsp;&nbsp;&nbsp;\n<\/span><\/span>Adatto soprattutto per aziende con esigenze di magazzino meno\ncomplesse.<\/p>\n\n<p class=MsoNormal>&nbsp;<\/p>\n\n<\/div>\n\n<\/body>\n\n<\/html>\n\n<\/div>\n\n\n\n<div class=\"wp-block-column is-layout-flow wp-block-column-is-layout-flow\">\n<style>\n<!--\n \/* Font Definitions *\/\n @font-face\n\t{font-family:Wingdings;\n\tpanose-1:5 0 0 0 0 0 0 0 0 0;}\n@font-face\n\t{font-family:\"Cambria Math\";\n\tpanose-1:2 4 5 3 5 4 6 3 2 4;}\n@font-face\n\t{font-family:\"Calibri Light\";\n\tpanose-1:2 15 3 2 2 2 4 3 2 4;}\n@font-face\n\t{font-family:Calibri;\n\tpanose-1:2 15 5 2 2 2 4 3 2 4;}\n \/* Style Definitions *\/\n p.MsoNormal, li.MsoNormal, div.MsoNormal\n\t{margin-top:0cm;\n\tmargin-right:0cm;\n\tmargin-bottom:8.0pt;\n\tmargin-left:0cm;\n\tline-height:107%;\n\tfont-size:11.0pt;\n\tfont-family:\"Calibri\",sans-serif;}\nh1\n\t{mso-style-link:\"Titolo 1 Carattere\";\n\tmargin-top:12.0pt;\n\tmargin-right:0cm;\n\tmargin-bottom:0cm;\n\tmargin-left:0cm;\n\tmargin-bottom:.0001pt;\n\tline-height:107%;\n\tpage-break-after:avoid;\n\tfont-size:16.0pt;\n\tfont-family:\"Calibri Light\",sans-serif;\n\tcolor:#2E74B5;\n\tfont-weight:normal;}\nh2\n\t{mso-style-link:\"Titolo 2 Carattere\";\n\tmargin-top:2.0pt;\n\tmargin-right:0cm;\n\tmargin-bottom:0cm;\n\tmargin-left:0cm;\n\tmargin-bottom:.0001pt;\n\tline-height:107%;\n\tpage-break-after:avoid;\n\tfont-size:13.0pt;\n\tfont-family:\"Calibri Light\",sans-serif;\n\tcolor:#2E74B5;\n\tfont-weight:normal;}\np.MsoListParagraph, li.MsoListParagraph, div.MsoListParagraph\n\t{margin-top:0cm;\n\tmargin-right:0cm;\n\tmargin-bottom:8.0pt;\n\tmargin-left:36.0pt;\n\tline-height:107%;\n\tfont-size:11.0pt;\n\tfont-family:\"Calibri\",sans-serif;}\np.MsoListParagraphCxSpFirst, li.MsoListParagraphCxSpFirst, div.MsoListParagraphCxSpFirst\n\t{margin-top:0cm;\n\tmargin-right:0cm;\n\tmargin-bottom:0cm;\n\tmargin-left:36.0pt;\n\tmargin-bottom:.0001pt;\n\tline-height:107%;\n\tfont-size:11.0pt;\n\tfont-family:\"Calibri\",sans-serif;}\np.MsoListParagraphCxSpMiddle, li.MsoListParagraphCxSpMiddle, div.MsoListParagraphCxSpMiddle\n\t{margin-top:0cm;\n\tmargin-right:0cm;\n\tmargin-bottom:0cm;\n\tmargin-left:36.0pt;\n\tmargin-bottom:.0001pt;\n\tline-height:107%;\n\tfont-size:11.0pt;\n\tfont-family:\"Calibri\",sans-serif;}\np.MsoListParagraphCxSpLast, li.MsoListParagraphCxSpLast, div.MsoListParagraphCxSpLast\n\t{margin-top:0cm;\n\tmargin-right:0cm;\n\tmargin-bottom:8.0pt;\n\tmargin-left:36.0pt;\n\tline-height:107%;\n\tfont-size:11.0pt;\n\tfont-family:\"Calibri\",sans-serif;}\nspan.Titolo2Carattere\n\t{mso-style-name:\"Titolo 2 Carattere\";\n\tmso-style-link:\"Titolo 2\";\n\tfont-family:\"Calibri Light\",sans-serif;\n\tcolor:#2E74B5;}\nspan.Titolo1Carattere\n\t{mso-style-name:\"Titolo 1 Carattere\";\n\tmso-style-link:\"Titolo 1\";\n\tfont-family:\"Calibri Light\",sans-serif;\n\tcolor:#2E74B5;}\n.MsoChpDefault\n\t{font-family:\"Calibri\",sans-serif;}\n.MsoPapDefault\n\t{margin-bottom:8.0pt;\n\tline-height:107%;}\n@page WordSection1\n\t{size:595.3pt 841.9pt;\n\tmargin:70.85pt 2.0cm 2.0cm 2.0cm;}\ndiv.WordSection1\n\t{page:WordSection1;}\n \/* List Definitions *\/\n ol\n\t{margin-bottom:0cm;}\nul\n\t{margin-bottom:0cm;}\n-->\n<\/style>\n\n<\/head>\n\n<body lang=IT>\n\n<div class=WordSection1>\n\n<h1 align=center style='text-align:center'>**SAP Extended Warehouse Management\n(SAP EWM)**<\/h1>\n\n<p class=MsoNormal>&nbsp;<\/p>\n\n<p class=MsoListParagraphCxSpFirst style='margin-left:33.0pt;text-indent:-18.0pt;\nline-height:150%'><span style='font-family:Symbol'>\u00b7<span style='font:7.0pt \"Times New Roman\"'>&nbsp;&nbsp;&nbsp;&nbsp;&nbsp;&nbsp;&nbsp;&nbsp;\n<\/span><\/span>SAP EWM \u00e8 una soluzione pi\u00f9 avanzata e completa per la gestione\ndel magazzino, progettata per affrontare le esigenze pi\u00f9 complesse di magazzino\ne logistica.<\/p>\n\n<p class=MsoListParagraphCxSpMiddle style='margin-left:33.0pt;text-indent:-18.0pt;\nline-height:150%'><span style='font-family:Symbol'>\u00b7<span style='font:7.0pt \"Times New Roman\"'>&nbsp;&nbsp;&nbsp;&nbsp;&nbsp;&nbsp;&nbsp;&nbsp;\n<\/span><\/span>Offre funzionalit\u00e0 avanzate oltre quelle fornite da SAP WM, come\ngestione del lavoro, gestione delle risorse, ottimizzazione dei flussi di\nlavoro, gestione dei trasporti e gestione dell'inventario esteso.<\/p>\n\n<p class=MsoListParagraphCxSpMiddle style='margin-left:33.0pt;text-indent:-18.0pt;\nline-height:150%'><span style='font-family:Symbol'>\u00b7<span style='font:7.0pt \"Times New Roman\"'>&nbsp;&nbsp;&nbsp;&nbsp;&nbsp;&nbsp;&nbsp;&nbsp;\n<\/span><\/span>SAP EWM \u00e8 progettato per gestire magazzini automatizzati,\nmulti-cliente, multi-deposito e magazzini di grandi dimensioni.<\/p>\n\n<p class=MsoListParagraphCxSpMiddle style='margin-left:33.0pt;text-indent:-18.0pt;\nline-height:150%'><span style='font-family:Symbol'>\u00b7<span style='font:7.0pt \"Times New Roman\"'>&nbsp;&nbsp;&nbsp;&nbsp;&nbsp;&nbsp;&nbsp;&nbsp;\n<\/span><\/span>Offre una maggiore flessibilit\u00e0 e adattabilit\u00e0 alle esigenze\nspecifiche dell'azienda tramite configurazioni e parametrizzazioni avanzate.<\/p>\n\n<p class=MsoListParagraphCxSpLast style='margin-left:33.0pt;text-indent:-18.0pt;\nline-height:150%'><span style='font-family:Symbol'>\u00b7<span style='font:7.0pt \"Times New Roman\"'>&nbsp;&nbsp;&nbsp;&nbsp;&nbsp;&nbsp;&nbsp;&nbsp;\n<\/span><\/span>\u00c8 fortemente integrato con altri moduli SAP e pu\u00f2 essere\nimplementato sia come soluzione autonoma che integrata con altri sistemi SAP.<\/p>\n\n<p class=MsoNormal>&nbsp;<\/p>\n\n<\/div>\n\n<\/body>\n\n<\/html>\n\n<\/div>\n<\/div>\n\n\n\n<div class=\"wp-block-columns is-layout-flex wp-container-core-columns-is-layout-28f84493 wp-block-columns-is-layout-flex\">\n<div class=\"wp-block-column is-layout-flow wp-block-column-is-layout-flow\">\n<html>\n\n<head>\n<meta http-equiv=Content-Type content=\"text\/html; charset=windows-1252\">\n<meta name=Generator content=\"Microsoft Word 15 (filtered)\">\n<style>\n<!--\n \/* Font Definitions *\/\n @font-face\n\t{font-family:\"Cambria Math\";\n\tpanose-1:2 4 5 3 5 4 6 3 2 4;}\n@font-face\n\t{font-family:Calibri;\n\tpanose-1:2 15 5 2 2 2 4 3 2 4;}\n \/* Style Definitions *\/\n p.MsoNormal, li.MsoNormal, div.MsoNormal\n\t{margin-top:0cm;\n\tmargin-right:0cm;\n\tmargin-bottom:8.0pt;\n\tmargin-left:0cm;\n\tline-height:107%;\n\tfont-size:11.0pt;\n\tfont-family:\"Calibri\",sans-serif;}\n.MsoChpDefault\n\t{font-family:\"Calibri\",sans-serif;}\n.MsoPapDefault\n\t{margin-bottom:8.0pt;\n\tline-height:107%;}\n@page WordSection1\n\t{size:595.3pt 841.9pt;\n\tmargin:70.85pt 2.0cm 2.0cm 2.0cm;}\ndiv.WordSection1\n\t{page:WordSection1;}\n-->\n<\/style>\n\n<\/head>\n\n<body lang=IT>\n\n<div class=WordSection1>\n\n<p class=MsoNormal style='text-align:justify;line-height:150%'>&nbsp;<\/p>\n\n<p class=MsoNormal style='text-align:justify;line-height:150%'>In sintesi,\nmentre SAP WM \u00e8 pi\u00f9 adatto per operazioni di magazzino standard e meno\ncomplesse, SAP EWM offre una gamma pi\u00f9 ampia di funzionalit\u00e0 avanzate ed \u00e8\nprogettato per affrontare le esigenze di magazzino pi\u00f9 complesse e\ndiversificate. <\/p>\n\n<p class=MsoNormal style='text-align:justify;line-height:150%'>La scelta tra i\ndue dipender\u00e0 dalle esigenze specifiche dell'azienda e dalla complessit\u00e0 delle\noperazioni di magazzino, DCC Solution ti pu\u00f2 aiutare nella scelta.<\/p>\n\n<p class=MsoNormal>&nbsp;<\/p>\n\n<\/div>\n\n<\/body>\n\n<\/html>\n\n<\/div>\n<\/div>\n","protected":false},"excerpt":{"rendered":"<p>WM vs EWM Caratteristiche a confronto **SAP Warehouse Management (SAP WM)** &nbsp; \u00b7&nbsp;&nbsp;&nbsp;&nbsp;&nbsp;&nbsp;&nbsp;&nbsp; SAP WM \u00e8 un modulo tradizionale di gestione del magazzino di SAP e fa parte del modulo SAP Logistics Execution (LE). \u00b7&nbsp;&nbsp;&nbsp;&nbsp;&nbsp;&nbsp;&nbsp;&nbsp; \u00c8 stato progettato principalmente per gestire operazioni di magazzino semplici, come ricevimento, immagazzinamento, prelievo e spedizione. \u00b7&nbsp;&nbsp;&nbsp;&nbsp;&nbsp;&nbsp;&nbsp;&nbsp; Le funzionalit\u00e0 di [&hellip;]<\/p>\n","protected":false},"author":3,"featured_media":0,"parent":0,"menu_order":0,"comment_status":"closed","ping_status":"closed","template":"","meta":{"footnotes":""},"class_list":["post-86","page","type-page","status-publish","hentry"],"_links":{"self":[{"href":"https:\/\/www.dccsolution.it\/index.php?rest_route=\/wp\/v2\/pages\/86","targetHints":{"allow":["GET"]}}],"collection":[{"href":"https:\/\/www.dccsolution.it\/index.php?rest_route=\/wp\/v2\/pages"}],"about":[{"href":"https:\/\/www.dccsolution.it\/index.php?rest_route=\/wp\/v2\/types\/page"}],"author":[{"embeddable":true,"href":"https:\/\/www.dccsolution.it\/index.php?rest_route=\/wp\/v2\/users\/3"}],"replies":[{"embeddable":true,"href":"https:\/\/www.dccsolution.it\/index.php?rest_route=%2Fwp%2Fv2%2Fcomments&post=86"}],"version-history":[{"count":1,"href":"https:\/\/www.dccsolution.it\/index.php?rest_route=\/wp\/v2\/pages\/86\/revisions"}],"predecessor-version":[{"id":87,"href":"https:\/\/www.dccsolution.it\/index.php?rest_route=\/wp\/v2\/pages\/86\/revisions\/87"}],"wp:attachment":[{"href":"https:\/\/www.dccsolution.it\/index.php?rest_route=%2Fwp%2Fv2%2Fmedia&parent=86"}],"curies":[{"name":"wp","href":"https:\/\/api.w.org\/{rel}","templated":true}]}}